{"id":188,"date":"2024-04-08T08:22:09","date_gmt":"2024-04-08T06:22:09","guid":{"rendered":"https:\/\/anar.education\/?page_id=188"},"modified":"2025-04-18T08:50:26","modified_gmt":"2025-04-18T06:50:26","slug":"a-propos","status":"publish","type":"page","link":"https:\/\/www.anar.education\/?page_id=188","title":{"rendered":"A propos"},"content":{"rendered":"\n<h2 class=\"wp-block-heading\">Introduction<\/h2>\n\n\n\n<p>Les Assises nationales de la recherche artistique dans l\u2019enseignement (ANAR) constituent un cadre de r\u00e9flexion et d\u2019\u00e9change r\u00e9unissant des professionnels issus des domaines de l\u2019art et de l\u2019enseignement. Cet \u00e9v\u00e9nement a pour objectif de dresser un \u00e9tat des lieux de la recherche artistique dans le champ \u00e9ducatif, tout en interrogeant ses enjeux contemporains.<\/p>\n\n\n\n<p>La recherche artistique y est envisag\u00e9e dans une approche transversale, en articulation avec les r\u00e9alit\u00e9s sociales, \u00e9conomiques et culturelles. ANAR affirme que la recherche artistique constitue un levier essentiel de la cr\u00e9ation et qu\u2019elle m\u00e9rite d\u2019\u00eatre reconnue \u00e0 l\u2019\u00e9gal des autres formes de recherche, notamment scientifique, technique ou sociale.<\/p>\n\n\n\n<p>En encourageant le dialogue interdisciplinaire, les Assises visent \u00e0 renforcer les passerelles entre la recherche en art et les autres champs de connaissance, dans une perspective d\u2019innovation, de mutualisation des savoirs et de valorisation des pratiques artistiques de recherche.<\/p>\n\n\n\n<h2 class=\"wp-block-heading\">Objectifs et orientation des Assises<\/h2>\n\n\n\n<ul>\n<li>\u00c9valuer l\u2019\u00e9tat actuel de la recherche artistique dans les \u00e9tablissements participants ;<\/li>\n\n\n\n<li>Affirmer la recherche artistique comme une condition essentielle au d\u00e9veloppement des artistes, \u00e0 l\u2019enseignement, et \u00e0 l\u2019\u00e9volution des pratiques de cr\u00e9ation ;<\/li>\n\n\n\n<li>Repenser la recherche artistique en lien avec les r\u00e9alit\u00e9s contemporaines, en int\u00e9grant les dimensions sociales, \u00e9conomiques et environnementales ;<\/li>\n\n\n\n<li>Positionner la recherche artistique non comme un adjuvant, mais comme un moteur essentiel de la cr\u00e9ation contemporaine ;<\/li>\n\n\n\n<li>Renouveler les m\u00e9thodologies de recherche en art \u00e0 travers le dialogue interdisciplinaire ;<\/li>\n\n\n\n<li>\u0152uvrer \u00e0 la reconnaissance institutionnelle de la recherche artistique, notamment \u00e0 travers les politiques publiques, les dispositifs de financement et les cadres d\u2019\u00e9valuation.<\/li>\n<\/ul>\n\n\n\n<h2 class=\"wp-block-heading\">R\u00e9inventer la recherche artistique<\/h2>\n\n\n\n<p>La recherche en art, bien qu\u2019officialis\u00e9e dans des structures d\u2019enseignement, produit trop souvent des formes convenues, conformes aux cadres qu\u2019elle devrait justement d\u00e9passer. Or, cr\u00e9er, c\u2019est affronter l\u2019inconnu, et l\u2019enseignement ne devrait pas formater, mais activer cette confrontation. La v\u00e9ritable recherche artistique ne reconduit pas l\u2019existant : elle invente. Elle forge des formes nouvelles et des langages in\u00e9dits. C\u2019est un processus d\u2019\u00e9mergence, un mouvement de l\u2019invisible vers le visible, du chaos vers l\u2019intelligible. C\u2019est cette conception indocile, transgressive et exp\u00e9rimentale de la recherche qui fonde les ANAR.<\/p>\n\n\n\n<h2 class=\"wp-block-heading\">&#8211;<\/h2>\n\n\n\n<p><\/p>\n","protected":false},"excerpt":{"rendered":"<p>Introduction Les Assises nationales de la recherche artistique dans l\u2019enseignement (ANAR) constituent un cadre de r\u00e9flexion et d\u2019\u00e9change r\u00e9unissant des professionnels issus des domaines de l\u2019art et de l\u2019enseignement. Cet \u00e9v\u00e9nement a pour objectif de dresser un \u00e9tat des lieux de la recherche artistique dans le champ \u00e9ducatif, tout en interrogeant ses enjeux contemporains. La [&hellip;]<\/p>\n","protected":false},"author":1,"featured_media":0,"parent":0,"menu_order":0,"comment_status":"closed","ping_status":"closed","template":"","meta":{"om_disable_all_campaigns":false,"_monsterinsights_skip_tracking":false,"_monsterinsights_sitenote_active":false,"_monsterinsights_sitenote_note":"","_monsterinsights_sitenote_category":0,"footnotes":""},"blocksy_meta":[],"aioseo_notices":[],"_links":{"self":[{"href":"https:\/\/www.anar.education\/index.php?rest_route=\/wp\/v2\/pages\/188"}],"collection":[{"href":"https:\/\/www.anar.education\/index.php?rest_route=\/wp\/v2\/pages"}],"about":[{"href":"https:\/\/www.anar.education\/index.php?rest_route=\/wp\/v2\/types\/page"}],"author":[{"embeddable":true,"href":"https:\/\/www.anar.education\/index.php?rest_route=\/wp\/v2\/users\/1"}],"replies":[{"embeddable":true,"href":"https:\/\/www.anar.education\/index.php?rest_route=%2Fwp%2Fv2%2Fcomments&post=188"}],"version-history":[{"count":33,"href":"https:\/\/www.anar.education\/index.php?rest_route=\/wp\/v2\/pages\/188\/revisions"}],"predecessor-version":[{"id":313,"href":"https:\/\/www.anar.education\/index.php?rest_route=\/wp\/v2\/pages\/188\/revisions\/313"}],"wp:attachment":[{"href":"https:\/\/www.anar.education\/index.php?rest_route=%2Fwp%2Fv2%2Fmedia&parent=188"}],"curies":[{"name":"wp","href":"https:\/\/api.w.org\/{rel}","templated":true}]}}