{"id":16,"date":"2024-01-15T17:27:13","date_gmt":"2024-01-15T16:27:13","guid":{"rendered":"https:\/\/anar.education\/?page_id=16"},"modified":"2025-04-18T09:13:32","modified_gmt":"2025-04-18T07:13:32","slug":"editions","status":"publish","type":"page","link":"https:\/\/www.anar.education\/?page_id=16","title":{"rendered":"Edition 2025"},"content":{"rendered":"\n<h2 class=\"wp-block-heading\">Appel \u00e0 contribution &#8211; Assises Nationales de la Recherche Artistique dans l&rsquo;Enseignement (ANAR)<\/h2>\n\n\n\n<p>Les Assises Nationales de la Recherche Artistique dans l\u2019Enseignement (ANAR) constituent un espace unique de r\u00e9flexion, de partage et d\u2019\u00e9change entre les acteurs de l\u2019art et de l\u2019enseignement. Cet \u00e9v\u00e9nement ambitionne de dresser un \u00e9tat des lieux de la recherche artistique dans le domaine \u00e9ducatif, tout en abordant ses enjeux contemporains \u00e0 la crois\u00e9e des r\u00e9alit\u00e9s sociales, \u00e9conomiques et culturelles.<\/p>\n\n\n\n<p>Nous invitons les chercheurs, artistes, enseignants et praticiens \u00e0 proposer leurs contributions pour cette \u00e9dition des ANAR, dans l&rsquo;objectif de nourrir les discussions et de faire avancer la r\u00e9flexion sur la place et le r\u00f4le de la recherche en art aujourd&rsquo;hui.<\/p>\n\n\n\n<h2 class=\"wp-block-heading\">Les objectifs des Assises :<\/h2>\n\n\n\n<ul>\n<li>\u00c9valuer l\u2019\u00e9tat actuel de la recherche artistique dans les \u00e9tablissements d\u2019enseignement.<\/li>\n\n\n\n<li>Affirmer la recherche artistique comme une condition essentielle au d\u00e9veloppement des artistes et \u00e0 l\u2019\u00e9volution des pratiques de cr\u00e9ation.<\/li>\n\n\n\n<li>Repens\u00e9e la recherche artistique en tenant compte des enjeux contemporains, en int\u00e9grant les dimensions sociales, \u00e9conomiques et environnementales.<\/li>\n\n\n\n<li>Positionner la recherche artistique comme un moteur de la cr\u00e9ation contemporaine et non comme un simple adjuvant.<\/li>\n\n\n\n<li>Renouveler les m\u00e9thodologies de recherche en art par le biais du dialogue interdisciplinaire.<\/li>\n\n\n\n<li>Plaider pour la reconnaissance institutionnelle de la recherche artistique, notamment \u00e0 travers les politiques publiques et les dispositifs de financement.<\/li>\n<\/ul>\n\n\n\n<h2 class=\"wp-block-heading\">Th\u00e9matiques propos\u00e9es<\/h2>\n\n\n\n<p>Les contributions peuvent aborder les axes suivants, sans s\u2019y limiter :<\/p>\n\n\n\n<ul>\n<li>La recherche artistique en lien avec les enjeux sociaux, environnementaux et \u00e9conomiques contemporains.<\/li>\n\n\n\n<li>L\u2019exp\u00e9rimentation et l\u2019innovation dans les pratiques artistiques de recherche.<\/li>\n\n\n\n<li>L\u2019\u00e9volution des m\u00e9thodologies de la recherche en art : vers une approche indisciplin\u00e9e.<\/li>\n\n\n\n<li>Les relations entre la recherche en art et les autres champs de savoirs disciplinaires.<\/li>\n\n\n\n<li>La reconnaissance institutionnelle et le soutien \u00e0 la recherche artistique dans les politiques publiques et les dispositifs de financement.<\/li>\n<\/ul>\n\n\n\n<h2 class=\"wp-block-heading\">Modalit\u00e9s de soumission<\/h2>\n\n\n\n<p>Les propositions de contribution doivent \u00eatre envoy\u00e9es par email en PDF sous forme de r\u00e9sum\u00e9 (max. 1000 caract\u00e8res) et inclure un court CV des auteurs. Les soumissions peuvent prendre la forme de conf\u00e9rences, conversations, ateliers ou des formats exp\u00e9rimentaux.<\/p>\n\n\n\n<p>Date limite de soumission : <strong>le 30 mai 2025<\/strong><\/p>\n\n\n\n<h2 class=\"wp-block-heading\">Contact<\/h2>\n\n\n\n<p>Laura WILSON : laura.wilson@anar.education <\/p>\n\n\n\n<h2 class=\"wp-block-heading\">&#8211;<\/h2>\n","protected":false},"excerpt":{"rendered":"<p>Appel \u00e0 contribution &#8211; Assises Nationales de la Recherche Artistique dans l&rsquo;Enseignement (ANAR) Les Assises Nationales de la Recherche Artistique dans l\u2019Enseignement (ANAR) constituent un espace unique de r\u00e9flexion, de partage et d\u2019\u00e9change entre les acteurs de l\u2019art et de l\u2019enseignement. Cet \u00e9v\u00e9nement ambitionne de dresser un \u00e9tat des lieux de la recherche artistique dans [&hellip;]<\/p>\n","protected":false},"author":1,"featured_media":274,"parent":0,"menu_order":0,"comment_status":"closed","ping_status":"closed","template":"","meta":{"om_disable_all_campaigns":false,"_monsterinsights_skip_tracking":false,"_monsterinsights_sitenote_active":false,"_monsterinsights_sitenote_note":"","_monsterinsights_sitenote_category":0,"footnotes":""},"blocksy_meta":[],"aioseo_notices":[],"_links":{"self":[{"href":"https:\/\/www.anar.education\/index.php?rest_route=\/wp\/v2\/pages\/16"}],"collection":[{"href":"https:\/\/www.anar.education\/index.php?rest_route=\/wp\/v2\/pages"}],"about":[{"href":"https:\/\/www.anar.education\/index.php?rest_route=\/wp\/v2\/types\/page"}],"author":[{"embeddable":true,"href":"https:\/\/www.anar.education\/index.php?rest_route=\/wp\/v2\/users\/1"}],"replies":[{"embeddable":true,"href":"https:\/\/www.anar.education\/index.php?rest_route=%2Fwp%2Fv2%2Fcomments&post=16"}],"version-history":[{"count":17,"href":"https:\/\/www.anar.education\/index.php?rest_route=\/wp\/v2\/pages\/16\/revisions"}],"predecessor-version":[{"id":317,"href":"https:\/\/www.anar.education\/index.php?rest_route=\/wp\/v2\/pages\/16\/revisions\/317"}],"wp:featuredmedia":[{"embeddable":true,"href":"https:\/\/www.anar.education\/index.php?rest_route=\/wp\/v2\/media\/274"}],"wp:attachment":[{"href":"https:\/\/www.anar.education\/index.php?rest_route=%2Fwp%2Fv2%2Fmedia&parent=16"}],"curies":[{"name":"wp","href":"https:\/\/api.w.org\/{rel}","templated":true}]}}